*y - 26. What is n(1)?
-479
Let o(g) = -2495*g - 247135. Calculate o(-99).
-130
Let f(z) = z**2 + 508*z + 308. Calculate f(0).
308
Let s(o) = -o**3 + 1023*o**2 - 84811*o - 51. Calculate s(91).
40
Let s(n) = -277*n - 10118. Give s(-37).
131
Let o(x) = 3*x**3 - 4*x**2 - 5698*x + 17066. Determine o(3).
17
Let q(g) = -26*g**2 + 22*g - 31. Calculate q(8).
-1519
Let b(q) = -30*q**2 - 26*q + 145. Calculate b(4).
-439
Let y(c) = c**3 + 91*c**2 - 1242*c - 656. Give y(-103).
-38
Let f(k) = k**3 + 416*k**2 - 4*k - 1779. Determine f(-416).
-115
Let u(z) = -5*z**3 - 154*z**2 + 1321*z. Give u(8).
-1848
Let t(p) = 487*p - 25477. Give t(53).
334
Let i(c) = -c**3 - 260*c**2 + 239*c + 128959. Give i(-259).
-23
Let h(s) = 1442*s + 16755. Give h(-12).
-549
Let r(g) = -8068*g - 88820. What is r(-11)?
-72
Let d(k) = 26*k**2 - 8545*k + 66684. What is d(8)?
-12
Let v(i) = 17293*i - 812778. What is v(47)?
-7
Let o(c) = 27836*c + 111202. What is o(-4)?
-142
Let k(l) = -149*l + 19878. What is k(139)?
-833
Let i(x) = -x**2 - 66*x - 857. What is i(-30)?
223
Let h(a) = 6*a**2 - 63*a - 758. Determine h(25).
1417
Let l(b) = 367*b - 902. Calculate l(7).
1667
Let a(j) = -2086*j + 27175. Calculate a(13).
57
Let i(j) = 3*j**3 + 52*j**2 + 24*j - 153. What is i(-16)?
487
Let j(p) = 1187*p - 167194. Give j(141).
173
Let k(w) = -2*w**2 - 1084*w + 25983. Give k(23).
-7
Let s(p) = 3*p**3 + 1561*p**2 + 2066*p - 5194. What is s(-519)?
-4
Let u(m) = 93*m - 3653. Give u(47).
718
Let l(c) = c**3 - 83*c**2 - 357*c + 8392. Give l(86).
-122
Let b(i) = -i**2 + 4616*i + 181549. Determine b(-39).
4
Let u(b) = b**3 + 135*b**2 + 159*b + 3205. Give u(-134).
-145
Let a(y) = -14*y**3 + 223*y**2 + 5*y + 161. Determine a(16).
-15
Let x(g) = 1512*g + 149820. What is x(-99)?
132
Let i(b) = 5*b**2 - 11815*b - 35424. Give i(-3).
66
Let q(z) = -z**2 - 7163*z + 2159. What is q(0)?
2159
Let b(y) = 28*y + 2031. Determine b(-51).
603
Let d(t) = 3877*t - 286668. Determine d(74).
230
Let a(d) = -28*d + 2299. Calculate a(59).
647
Let s(d) = 2*d**3 + 78*d**2 + 1199*d + 10655. Give s(-23).
6
Let p(t) = 9673*t - 17463. Determine p(2).
1883
Let c(z) = -6242*z - 20611. Determine c(-3).
-1885
Let k(n) = -12*n**2 - 1443*n + 710. Determine k(-121).
-379
Let n(u) = 41*u**3 - 526*u + 1560. Calculate n(3).
1089
Let q(k) = -71611*k + 71569. Determine q(1).
-42
Let a(l) = -l**2 + 195434*l - 586312. Determine a(3).
-19
Let k(w) = 2*w**2 + 2554*w + 20443. Calculate k(-8).
139
Let r(x) = 22*x**2 - 2950*x + 2951. What is r(1)?
23
Let p(q) = -6020*q + 102340. Calculate p(17).
0
Let a(y) = -6*y**2 - 927*y + 772. Calculate a(-156).
-632
Let n(o) = -12*o**2 - 188*o + 115. Give n(-18).
-389
Let w(a) = -633*a + 47481. Give w(75).
6
Let y(g) = -71*g**3 - 1017*g**2 + 1002*g + 13. Give y(1).
-73
Let w(c) = -71*c**2 + 2954*c - 1779. Determine w(41).
-16
Let i(l) = l**3 + 35*l**2 + 4102*l - 12655. Give i(3).
-7
Let t(c) = 152*c**3 - 1062*c**2 + 64*c - 534. Calculate t(7).
12
Let k(j) = -j**3 + 393*j**2 - 68*j - 429779. Give k(390).
1
Let m(n) = 328*n**2 + 1038*n + 179. Determine m(-3).
17
Let n(i) = i**3 - 27*i**2 - 670*i - 914. What is n(43)?
-140
Let c(i) = i**2 + 1543*i + 80429. What is c(-54)?
23
Let v(d) = d**3 - 206*d**2 - 2373*d - 3007. What is v(217)?
31
Let p(l) = 1202*l + 4315. Give p(-1).
3113
Let d(s) = -3*s**2 + 465*s - 619. Calculate d(153).
299
Let n(c) = 5*c**2 - 3178*c + 12552. Determine n(4).
-80
Let i(o) = -2*o**3 - 58*o**2 + 638*o - 1688. What is i(-38)?
60
Let n(c) = -c**3 - 293*c**2 - 1490*c - 96525. Calculate n(-289).
1
Let m(q) = 767*q + 39879. Give m(-52).
-5
Let f(m) = 1267*m + 226772. Determine f(-179).
-21
Let t(y) = 2*y**3 - 127*y**2 + 82*y - 339. Determine t(63).
858
Let l(z) = -4*z**3 + 32*z**2 + 1222*z - 15. Calculate l(-14).
125
Let z(v) = 649*v - 13277. Calculate z(19).
-946
Let n(i) = -i**2 + 12789*i + 6506712. Calculate n(-490).
2
Let t(c) = 5*c**3 + 105*c**2 + 11*c + 337. Determine t(-21).
106
Let h(v) = -17890*v**2 + 53673*v - 6. Give h(3).
3
Let q(w) = -117266*w - 703555. What is q(-6)?
41
Let s(g) = -g**3 + 91*g**2 + 370*g + 135. Calculate s(95).
-815
Let n(d) = d**2 + 17705*d - 1226363. Determine n(69).
43
Let s(n) = 2*n**3 - 89*n**2 + 251*n - 9387. What is s(44)?
-279
Let f(c) = -176*c**2 + 4804*c + 20208. What is f(31)?
-4
Let c(d) = 2865*d + 275057. Determine c(-96).
17
Let w(l) = l**3 + 45*l**2 - 765*l + 973. Give w(12).
1
Let z(h) = 219*h + 3663. What is z(-17)?
-60
Let y(t) = -5*t**2 + 45914*t + 137767. Determine y(-3).
-20
Let q(z) = -z**3 - 10*z**2 + 166*z - 1376. Give q(-21).
-11
Let v(l) = -272*l**3 - 510272*l**2 + 30*l + 56278. What is v(-1876)?
-2
Let p(z) = -z**3 - 20*z**2 - 2732*z - 71430. Determine p(-25).
-5
Let a(c) = -4*c**2 + 97*c + 162. Determine a(23).
277
Let q(y) = -49323*y - 3748553. Calculate q(-76).
-5
Let z(h) = 6703*h + 73728. What is z(-11)?
-5
Let s(c) = c**3 - 53*c**2 - 293*c + 5. Determine s(0).
5
Let s(k) = -281*k**2 + 57362*k - 57361. Give s(1).
-280
Let x(a) = 5944*a + 903580. Determine x(-152).
92
Let y(x) = -8268*x - 281099. Give y(-34).
13
Let c(s) = -s**2 - 120*s + 2343. Give c(17).
14
Let y(u) = 2426*u + 53361. Determine y(-22).
-11
Let t(l) = -l**3 + 794*l**2 - 150724*l + 491. What is t(314)?
-765
Let i(m) = -2*m**3 + 2*m**2 - 22*m - 639. Calculate i(-10).
1781
Let p(m) = -39*m - 416. Calculate p(-51).
1573
Let m(w) = -w**2 + 1137*w + 80640. Calculate m(1204).
-28
Let o(f) = -3*f**2 + 341*f + 6769. Give o(131).
-43
Let v(p) = -1738*p + 5424. Give v(2).
1948
Let m(t) = 6*t**2 - 75*t - 1228. Determine m(22).
26
Let c(i) = -709511*i + 19866303. Give c(28).
-5
Let i(j) = j**3 + 92*j**2 - 140*j - 4305. Calculate i(-93).
66
Let d(k) = -89*k**2 + 2062*k + 1737. Calculate d(24).
-39
Let c(h) = -312*h**2 + 9673*h + 13. Give c(31).
44
Let f(c) = 18*c**2 + 19625*c + 117127. Determine f(-6).
25
Let p(g) = -2015*g + 207526. Determine p(103).
-19
Let m(b) = 92*b + 1560. Determine m(-17).
-4
Let m(d) = -21704*d - 2973448. Give m(-137).
0
Let w(z) = -z**3 - 8*z**2 - 313*z - 1516. Determine w(-5).
-26
Let l(c) = -10*c**2 - 265*c + 674. What is l(-29)?
-51
Let y(w) = 5965*w - 477209. Calculate y(80).
-9
Let x(k) = 4*k**3 - 36*k**2 - 564*k + 5072. Calculate x(9).
-4
Let c(i) = -6*i**2 + 166*i - 81. Give c(27).
27
Let a(w) = w**3 + 102*w**2 + 376*w + 27742. Calculate a(-101).
-33
Let z(m) = -m**2 + 4280*m + 194632. Give z(-45).
7
Let f(t) = -6*t**3 + 4*t**2 - t + 192. Calculate f(6).
-966
Let f(u) = 8*u**2 - 792*u + 18737. What is f(60)?
17
Let q(f) = -2*f**2 - 16*f + 287. Give q(-17).
-19
Let t(l) = 75*l**2 + 626*l + 557. Give t(-1).
6
Let j(a) = -12*a**3 + 4*a**2 - 3*a + 7. Give j(2).
-79
Let g(l) = -l**2 - 12595*l + 75617. Calculate g(6).
11
Let d(t) = -1625933*t - 9755601. What is d(-6)?
-3
Let t(w) = 11*w**3 - 246*w**2 - w - 64. Calculate t(22).
-2022
Let u(k) = -6*k**2 + 690*k - 965. Give u(112).
1051
Let y(v) = 1884*v + 16703. Determine y(-9).
-253
Let w(d) = -1449*d - 1334. Calculate w(-1).
115
Let l(o) = -o**2 + 139*o - 5066. Give l(79).
-326
Let k(y) = -395323*y + 8697129. What is k(22)?
23
Let q(w) = 2*w**3 - 41*w**2 + 69*w - 136. What is q(19)?
92
Let p(c) = c**2 - 198*c + 4804. Calculate p(29).
-97
Let a(g) = 3*g**3 - 102*g**2 + 12*g - 284. Give a(34).
124
Let k(r) = -127574*r + 510502. Determine k(4).
206
Let i(o) = -41750*o + 12900752. What is i(309)?
2
Let s(k) = k**3 - 65*k**2 + 986*k - 74812. What is s(67)?
228
Let n(d) = -33*d + 2500. What is n(-23)?
3259
Let c(i) = i**3 - 153*i**2 + 5408*i - 76. Give c(55).
914
Let u(b) = 4*b**2 + 130*b + 2176. Calculate u(-21).
1210
Let g(t) = -t**3 - 117*t**2 - 622*t - 31929. What is g(-114)?
-9
Let f(r) = -54*r**2 + 5699*r + 1018. Calculate f(105).
4063
Let i(l) = 8178*l + 16350. What is i(-2)?
-6
Let m(c) = 148*c + 1763. Give m(-16).
-605
Let j(f) = -13173*f + 79019. Determine j(6).
-19
Let c(p) = -4*p**3 + 195*p**2 + 226*p + 1178. What is c(50)?
-22
Let c(n) = 6734*n - 13828. Give c(2).
-360
Let l(s) = -19207*s - 652814. Determine l(-34).
224
Let z(b) = -14*b**2 + 369*b - 1420. Give z(5).
75
Let g(t) = -19*t**2 + 8537*t - 36501. Determine g(445).
-11
Let i(n) = -1107*n + 277853. What is i(251)?
-4
Let r(d) = -5680*d + 34132. Give r(6).
52
Let v(f) = -7*f**3 + 1054*f**2 - 563*f - 5555. What is v(150)?
-5
Let q(l) = l**